{"id":7957,"date":"2023-01-14T07:08:57","date_gmt":"2023-01-14T07:08:57","guid":{"rendered":"https:\/\/handlingexpress.com.br\/express\/?page_id=7957"},"modified":"2025-02-07T19:39:47","modified_gmt":"2025-02-07T19:39:47","slug":"sobrenos","status":"publish","type":"page","link":"https:\/\/handlingexpress.com.br\/express\/sobrenos\/","title":{"rendered":"Sobre N\u00f3s"},"content":{"rendered":"\t\t<div data-elementor-type=\"wp-page\" data-elementor-id=\"7957\" class=\"elementor elementor-7957\">\n\t\t\t\t\t\t\t\t\t<section class=\"elementor-section elementor-top-section elementor-element elementor-element-137040d elementor-section-full_width elementor-section-height-default elementor-section-height-default qodef-elementor-content-no\" data-id=\"137040d\" data-element_type=\"section\">\n\t\t\t\t\t\t<div class=\"elementor-container elementor-column-gap-no\">\n\t\t\t\t\t<div class=\"elementor-column elementor-col-100 elementor-top-column elementor-element elementor-element-54985ce\" data-id=\"54985ce\" data-element_type=\"column\">\n\t\t\t<div class=\"elementor-widget-wrap elementor-element-populated\">\n\t\t\t\t\t\t\t\t<div class=\"elementor-element elementor-element-3c9ccaf elementor-widget elementor-widget-globefarer_core_section_title\" data-id=\"3c9ccaf\" data-element_type=\"widget\" data-widget_type=\"globefarer_core_section_title.default\">\n\t\t\t\t<div class=\"elementor-widget-container\">\n\t\t\t<div class=\"qodef-shortcode qodef-m  qodef-section-title qodef-alignment--left   qodef-appear-animation--no\">\n\t\t\t<h2 class=\"qodef-m-title\" >\n\t\t\t\t\tA Handling Express\t\t\t<\/h2>\n\t\t<p class=\"qodef-m-text\" style=\"margin-top: 30px\">Ao longo de seus 15 anos de exist\u00eancia, a CARGO HANDLING\u00ae construiu uma trajet\u00f3ria s\u00f3lida, fundamentada no engajamento de colaboradores internos e externos, no compromisso rigoroso com prazos e na garantia de seguran\u00e7a das mercadorias confiadas a n\u00f3s. \n\nAcima de tudo, priorizamos a satisfa\u00e7\u00e3o dos nossos clientes, cuja confian\u00e7a e refer\u00eancia foram fundamentais para alcan\u00e7armos a posi\u00e7\u00e3o de destaque que ocupamos hoje no mercado.<\/p>\n\t<\/div>\n\t\t<\/div>\n\t\t\t\t<\/div>\n\t\t\t\t\t<\/div>\n\t\t<\/div>\n\t\t\t\t\t\t\t<\/div>\n\t\t<\/section>\n\t\t\t\t<section class=\"elementor-section elementor-top-section elementor-element elementor-element-6036a7c elementor-section-full_width elementor-section-height-default elementor-section-height-default qodef-elementor-content-no\" data-id=\"6036a7c\" data-element_type=\"section\">\n\t\t\t\t\t\t<div class=\"elementor-container elementor-column-gap-no\">\n\t\t\t\t\t<div class=\"elementor-column elementor-col-100 elementor-top-column elementor-element elementor-element-441e8f6\" data-id=\"441e8f6\" data-element_type=\"column\">\n\t\t\t<div class=\"elementor-widget-wrap elementor-element-populated\">\n\t\t\t\t\t\t\t\t<div class=\"elementor-element elementor-element-0c58aa5 elementor-widget__width-initial elementor-widget elementor-widget-globefarer_core_section_title\" data-id=\"0c58aa5\" data-element_type=\"widget\" data-widget_type=\"globefarer_core_section_title.default\">\n\t\t\t\t<div class=\"elementor-widget-container\">\n\t\t\t<div class=\"qodef-shortcode qodef-m  qodef-section-title qodef-alignment--left   qodef-appear-animation--no\">\n\t\t\t\t<p class=\"qodef-m-text\" style=\"margin-top: 30px\">Utilizamos sistemas avan\u00e7ados que permitem aos clientes monitorar suas cargas e encomendas 24 horas por dia, assegurando a seguran\u00e7a e a integridade dos bens e produtos que nos s\u00e3o confiados.<\/p>\n\t<\/div>\n\t\t<\/div>\n\t\t\t\t<\/div>\n\t\t\t\t\t<\/div>\n\t\t<\/div>\n\t\t\t\t\t\t\t<\/div>\n\t\t<\/section>\n\t\t\t\t<section class=\"elementor-section elementor-top-section elementor-element elementor-element-475dc7f elementor-section-full_width elementor-section-height-default elementor-section-height-default qodef-elementor-content-no\" data-id=\"475dc7f\" data-element_type=\"section\">\n\t\t\t\t\t\t<div class=\"elementor-container elementor-column-gap-no\">\n\t\t\t\t\t<div class=\"elementor-column elementor-col-100 elementor-top-column elementor-element elementor-element-0d66a0c\" data-id=\"0d66a0c\" data-element_type=\"column\">\n\t\t\t<div class=\"elementor-widget-wrap elementor-element-populated\">\n\t\t\t\t\t\t\t\t<div class=\"elementor-element elementor-element-112634b elementor-widget__width-initial elementor-widget elementor-widget-globefarer_core_section_title\" data-id=\"112634b\" data-element_type=\"widget\" data-widget_type=\"globefarer_core_section_title.default\">\n\t\t\t\t<div class=\"elementor-widget-container\">\n\t\t\t<div class=\"qodef-shortcode qodef-m  qodef-section-title qodef-alignment--left   qodef-appear-animation--no\">\n\t\t\t\t<p class=\"qodef-m-text\" style=\"margin-top: 30px\">Para garantir a excel\u00eancia em nossos servi\u00e7os, investimos continuamente em treinamento e qualifica\u00e7\u00e3o da nossa equipe, al\u00e9m de contar com equipamentos de alta tecnologia e ve\u00edculos de \u00faltima gera\u00e7\u00e3o.\n<\/p>\n\t<\/div>\n\t\t<\/div>\n\t\t\t\t<\/div>\n\t\t\t\t\t<\/div>\n\t\t<\/div>\n\t\t\t\t\t\t\t<\/div>\n\t\t<\/section>\n\t\t\t\t<section class=\"elementor-section elementor-top-section elementor-element elementor-element-606c4a7 elementor-section-full_width elementor-section-height-default elementor-section-height-default qodef-elementor-content-no\" data-id=\"606c4a7\" data-element_type=\"section\">\n\t\t\t\t\t\t<div class=\"elementor-container elementor-column-gap-no\">\n\t\t\t\t\t<div class=\"elementor-column elementor-col-100 elementor-top-column elementor-element elementor-element-d164aa8\" data-id=\"d164aa8\" data-element_type=\"column\">\n\t\t\t<div class=\"elementor-widget-wrap elementor-element-populated\">\n\t\t\t\t\t\t\t\t<div class=\"elementor-element elementor-element-753b718 elementor-widget elementor-widget-globefarer_core_list_items\" data-id=\"753b718\" data-element_type=\"widget\" data-widget_type=\"globefarer_core_list_items.default\">\n\t\t\t\t<div class=\"elementor-widget-container\">\n\t\t\t<div class=\"qodef-shortcode qodef-m  qodef-list-items qodef-layout--bulleted-list \">\n\t\t\t\t<ul class=\"qodef-m-list\">\n\t\t\t\t\t\t\t\t<li class=\"qodef-m-list-item\" >\n\t<span class=\"qodef-m-list-marker\">\n\t<svg class=\"qodef-svg--tick qodef-m-list-item-marker\" xmlns=\"http:\/\/www.w3.org\/2000\/svg\" width=\"16.971\" height=\"12.728\" viewBox=\"0 0 16.971 12.728\"><g transform=\"translate(-766.793 -1747.429)\"><rect width=\"16\" height=\"2\" transform=\"translate(771.035 1758.743) rotate(-45)\"\/><rect width=\"2\" height=\"8\" transform=\"translate(773.864 1758.743) rotate(135)\"\/><\/g><\/svg><\/span>\n\t<p class=\"qodef-m-list-item-inner\">\n\t\t\t\t\t\t<span class=\"qodef-m-list-text\">\n\t\tSeguran\u00e7a e Confiabilidade: Nossa prioridade \u00e9 garantir a seguran\u00e7a das suas mercadorias durante todo o processo de transporte.\t<\/span>\n\t\t\t<\/p>\n<\/li>\n\t\t\t\t\t\t\t\t<li class=\"qodef-m-list-item\" >\n\t<span class=\"qodef-m-list-marker\">\n\t<svg class=\"qodef-svg--tick qodef-m-list-item-marker\" xmlns=\"http:\/\/www.w3.org\/2000\/svg\" width=\"16.971\" height=\"12.728\" viewBox=\"0 0 16.971 12.728\"><g transform=\"translate(-766.793 -1747.429)\"><rect width=\"16\" height=\"2\" transform=\"translate(771.035 1758.743) rotate(-45)\"\/><rect width=\"2\" height=\"8\" transform=\"translate(773.864 1758.743) rotate(135)\"\/><\/g><\/svg><\/span>\n\t<p class=\"qodef-m-list-item-inner\">\n\t\t\t\t\t\t<span class=\"qodef-m-list-text\">\n\t\tPontualidade: Comprometemo-nos com prazos rigorosos para que voc\u00ea possa planejar suas opera\u00e7\u00f5es com confian\u00e7a.\t<\/span>\n\t\t\t<\/p>\n<\/li>\n\t\t\t\t\t\t\t\t<li class=\"qodef-m-list-item\" >\n\t<span class=\"qodef-m-list-marker\">\n\t<svg class=\"qodef-svg--tick qodef-m-list-item-marker\" xmlns=\"http:\/\/www.w3.org\/2000\/svg\" width=\"16.971\" height=\"12.728\" viewBox=\"0 0 16.971 12.728\"><g transform=\"translate(-766.793 -1747.429)\"><rect width=\"16\" height=\"2\" transform=\"translate(771.035 1758.743) rotate(-45)\"\/><rect width=\"2\" height=\"8\" transform=\"translate(773.864 1758.743) rotate(135)\"\/><\/g><\/svg><\/span>\n\t<p class=\"qodef-m-list-item-inner\">\n\t\t\t\t\t\t<span class=\"qodef-m-list-text\">\n\t\tAtendimento Personalizado: Nossa equipe est\u00e1 pronta para oferecer suporte personalizado e solu\u00e7\u00f5es sob medida para suas necessidades espec\u00edficas\t<\/span>\n\t\t\t<\/p>\n<\/li>\n\t\t\t\t<\/ul>\n\t<\/div>\n\t\t<\/div>\n\t\t\t\t<\/div>\n\t\t\t\t\t<\/div>\n\t\t<\/div>\n\t\t\t\t\t\t\t<\/div>\n\t\t<\/section>\n\t\t\t\t<section class=\"elementor-section elementor-top-section elementor-element elementor-element-d7ce9fa elementor-section-full_width elementor-section-height-default elementor-section-height-default qodef-elementor-content-no\" data-id=\"d7ce9fa\" data-element_type=\"section\">\n\t\t\t\t\t\t<div class=\"elementor-container elementor-column-gap-no\">\n\t\t\t\t\t<div class=\"elementor-column elementor-col-100 elementor-top-column elementor-element elementor-element-18fbd4d\" data-id=\"18fbd4d\" data-element_type=\"column\">\n\t\t\t<div class=\"elementor-widget-wrap elementor-element-populated\">\n\t\t\t\t\t\t\t\t<div class=\"elementor-element elementor-element-22f377d elementor-widget elementor-widget-globefarer_core_single_image\" data-id=\"22f377d\" data-element_type=\"widget\" data-widget_type=\"globefarer_core_single_image.default\">\n\t\t\t\t<div class=\"elementor-widget-container\">\n\t\t\t<div class=\"qodef-shortcode qodef-m  qodef-single-image qodef-layout--default qodef-appear-animation--no  \">\n\t\t<div class=\"qodef-m-image\">\n\t\t\t\t\t<img decoding=\"async\" width=\"1400\" height=\"647\" src=\"https:\/\/handlingexpress.com.br\/express\/wp-content\/uploads\/2023\/01\/planarmaze.jpg\" class=\"attachment-full size-full\" alt=\"\" srcset=\"https:\/\/handlingexpress.com.br\/express\/wp-content\/uploads\/2023\/01\/planarmaze.jpg 1400w, https:\/\/handlingexpress.com.br\/express\/wp-content\/uploads\/2023\/01\/planarmaze-300x139.jpg 300w, https:\/\/handlingexpress.com.br\/express\/wp-content\/uploads\/2023\/01\/planarmaze-1024x473.jpg 1024w, https:\/\/handlingexpress.com.br\/express\/wp-content\/uploads\/2023\/01\/planarmaze-768x355.jpg 768w\" sizes=\"(max-width: 1400px) 100vw, 1400px\" \/>\t\t\t<\/div>\n<\/div>\n\t\t<\/div>\n\t\t\t\t<\/div>\n\t\t\t\t\t<\/div>\n\t\t<\/div>\n\t\t\t\t\t\t\t<\/div>\n\t\t<\/section>\n\t\t\t\t<section class=\"elementor-section elementor-top-section elementor-element elementor-element-d2052cc elementor-section-boxed elementor-section-height-default elementor-section-height-default qodef-elementor-content-no\" data-id=\"d2052cc\" data-element_type=\"section\">\n\t\t\t\t\t\t<div class=\"elementor-container elementor-column-gap-default\">\n\t\t\t\t\t<div class=\"elementor-column elementor-col-100 elementor-top-column elementor-element elementor-element-8954564\" data-id=\"8954564\" data-element_type=\"column\">\n\t\t\t<div class=\"elementor-widget-wrap elementor-element-populated\">\n\t\t\t\t\t\t\t\t<div class=\"elementor-element elementor-element-d5cf9ea elementor-widget elementor-widget-heading\" data-id=\"d5cf9ea\" data-element_type=\"widget\" data-widget_type=\"heading.default\">\n\t\t\t\t<div class=\"elementor-widget-container\">\n\t\t\t<style>\/*! elementor - v3.13.3 - 22-05-2023 *\/\n.elementor-heading-title{padding:0;margin:0;line-height:1}.elementor-widget-heading .elementor-heading-title[class*=elementor-size-]>a{color:inherit;font-size:inherit;line-height:inherit}.elementor-widget-heading .elementor-heading-title.elementor-size-small{font-size:15px}.elementor-widget-heading .elementor-heading-title.elementor-size-medium{font-size:19px}.elementor-widget-heading .elementor-heading-title.elementor-size-large{font-size:29px}.elementor-widget-heading .elementor-heading-title.elementor-size-xl{font-size:39px}.elementor-widget-heading .elementor-heading-title.elementor-size-xxl{font-size:59px}<\/style><h2 class=\"elementor-heading-title elementor-size-xl\">Unidades Handling<\/h2>\t\t<\/div>\n\t\t\t\t<\/div>\n\t\t\t\t<div class=\"elementor-element elementor-element-80f1f11 elementor-widget elementor-widget-globefarer_core_linked_titles_grid\" data-id=\"80f1f11\" data-element_type=\"widget\" data-widget_type=\"globefarer_core_linked_titles_grid.default\">\n\t\t\t\t<div class=\"elementor-widget-container\">\n\t\t\t<div class=\"qodef-shortcode qodef-m  qodef-linked-titles-grid qodef-grid qodef-layout--columns  qodef-gutter--normal qodef-col-num--3  qodef-responsive--predefined\" style=\"border-top: 1px solid;border-bottom: 1px solid;border-color: #AEAEAE;padding-top: 30px\">\n\t<div class=\"qodef-grid-inner clear\">\n\t\t\t\t\t\t<div class=\"qodef-e qodef-linked-titles-grid-item qodef-grid-item \">\n\t\t\t\t\t<div class=\"qodef-e-inner\">\n\t\t\t\t\t\t\t\t\t\t\t\t\t<h4 class=\"qodef-e-title\">\n\t\t\t\t\t\t\t\t\t\t\t\t\t\t\t\tGuarulhos\/SP\t\t\t\t\t\t\t\t\t\t\t\t\t\t\t<\/h4>\n\t\t\t\t\t\t\t\t\t\t\t<\/div>\n\t\t\t\t<\/div>\n\t\t\t\t\t\t\t\t<div class=\"qodef-e qodef-linked-titles-grid-item qodef-grid-item \">\n\t\t\t\t\t<div class=\"qodef-e-inner\">\n\t\t\t\t\t\t\t\t\t\t\t\t\t<h4 class=\"qodef-e-title\">\n\t\t\t\t\t\t\t\t\t\t\t\t\t\t\t\tCampinas\/SP\t\t\t\t\t\t\t\t\t\t\t\t\t\t\t<\/h4>\n\t\t\t\t\t\t\t\t\t\t\t<\/div>\n\t\t\t\t<\/div>\n\t\t\t\t\t\t\t\t<div class=\"qodef-e qodef-linked-titles-grid-item qodef-grid-item \">\n\t\t\t\t\t<div class=\"qodef-e-inner\">\n\t\t\t\t\t\t\t\t\t\t\t\t\t<h4 class=\"qodef-e-title\">\n\t\t\t\t\t\t\t\t\t\t\t\t\t\t\t\tSerra\/ES\t\t\t\t\t\t\t\t\t\t\t\t\t\t\t<\/h4>\n\t\t\t\t\t\t\t\t\t\t\t<\/div>\n\t\t\t\t<\/div>\n\t\t\t\t\t<\/div>\n<\/div>\n\t\t<\/div>\n\t\t\t\t<\/div>\n\t\t\t\t<div class=\"elementor-element elementor-element-4a3abe3 elementor-widget elementor-widget-spacer\" data-id=\"4a3abe3\" data-element_type=\"widget\" data-widget_type=\"spacer.default\">\n\t\t\t\t<div class=\"elementor-widget-container\">\n\t\t\t<style>\/*! elementor - v3.13.3 - 22-05-2023 *\/\n.elementor-column .elementor-spacer-inner{height:var(--spacer-size)}.e-con{--container-widget-width:100%}.e-con-inner>.elementor-widget-spacer,.e-con>.elementor-widget-spacer{width:var(--container-widget-width,var(--spacer-size));--align-self:var(--container-widget-align-self,initial);--flex-shrink:0}.e-con-inner>.elementor-widget-spacer>.elementor-widget-container,.e-con-inner>.elementor-widget-spacer>.elementor-widget-container>.elementor-spacer,.e-con>.elementor-widget-spacer>.elementor-widget-container,.e-con>.elementor-widget-spacer>.elementor-widget-container>.elementor-spacer{height:100%}.e-con-inner>.elementor-widget-spacer>.elementor-widget-container>.elementor-spacer>.elementor-spacer-inner,.e-con>.elementor-widget-spacer>.elementor-widget-container>.elementor-spacer>.elementor-spacer-inner{height:var(--container-widget-height,var(--spacer-size))}<\/style>\t\t<div class=\"elementor-spacer\">\n\t\t\t<div class=\"elementor-spacer-inner\"><\/div>\n\t\t<\/div>\n\t\t\t\t<\/div>\n\t\t\t\t<\/div>\n\t\t\t\t\t<\/div>\n\t\t<\/div>\n\t\t\t\t\t\t\t<\/div>\n\t\t<\/section>\n\t\t\t\t<section class=\"elementor-section elementor-top-section elementor-element elementor-element-3ebfc58 elementor-section-full_width elementor-section-height-default elementor-section-height-default qodef-elementor-content-no\" data-id=\"3ebfc58\" data-element_type=\"section\">\n\t\t\t\t\t\t<div class=\"elementor-container elementor-column-gap-no\">\n\t\t\t\t\t<div class=\"elementor-column elementor-col-100 elementor-top-column elementor-element elementor-element-d6495c1\" data-id=\"d6495c1\" data-element_type=\"column\">\n\t\t\t<div class=\"elementor-widget-wrap elementor-element-populated\">\n\t\t\t\t\t\t\t\t<div class=\"elementor-element elementor-element-f85eb22 elementor-widget elementor-widget-globefarer_core_section_title\" data-id=\"f85eb22\" data-element_type=\"widget\" data-widget_type=\"globefarer_core_section_title.default\">\n\t\t\t\t<div class=\"elementor-widget-container\">\n\t\t\t<div class=\"qodef-shortcode qodef-m  qodef-section-title qodef-alignment--left   qodef-appear-animation--no\">\n\t\t\t<h2 class=\"qodef-m-title\" >\n\t\t\t\t\tLog\u00edstica mais sustent\u00e1vel\t\t\t<\/h2>\n\t\t<p class=\"qodef-m-text\" style=\"margin-top: 30px\">Os esfor\u00e7os para reduzir a emiss\u00e3o de gases de efeito estufa sempre estiveram\nna nossa agenda. Estamos integrados a essa realidade. A inclus\u00e3o dos primeiros\nve\u00edculos el\u00e9tricos em nossa malha rodoviaria \u00e9 mais um passo fundamental\npara que atinjamos a meta de eliminar a emiss\u00e3o de CO\u00b2 de nossas opera\u00e7\u00f5es.\nVe\u00edculos altamente sustent\u00e1veis, pois n\u00e3o emitem poluentes na atmosfera,\npossuem autonomia de 330 km, podendo ter recarga de 100% em at\u00e9 1 hora<\/p>\n\t<\/div>\n\t\t<\/div>\n\t\t\t\t<\/div>\n\t\t\t\t<div class=\"elementor-element elementor-element-53aaff6 elementor-widget elementor-widget-spacer\" data-id=\"53aaff6\" data-element_type=\"widget\" data-widget_type=\"spacer.default\">\n\t\t\t\t<div class=\"elementor-widget-container\">\n\t\t\t\t\t<div class=\"elementor-spacer\">\n\t\t\t<div class=\"elementor-spacer-inner\"><\/div>\n\t\t<\/div>\n\t\t\t\t<\/div>\n\t\t\t\t<\/div>\n\t\t\t\t<div class=\"elementor-element elementor-element-3792f8d elementor-widget__width-inherit animated-slow elementor-invisible elementor-widget elementor-widget-globefarer_core_single_image\" data-id=\"3792f8d\" data-element_type=\"widget\" data-settings=\"{&quot;_animation&quot;:&quot;fadeInLeft&quot;}\" data-widget_type=\"globefarer_core_single_image.default\">\n\t\t\t\t<div class=\"elementor-widget-container\">\n\t\t\t<div class=\"qodef-shortcode qodef-m  qodef-single-image qodef-layout--default qodef-appear-animation--no  \">\n\t\t<div class=\"qodef-m-image\">\n\t\t\t\t\t<img decoding=\"async\" width=\"706\" height=\"450\" src=\"https:\/\/handlingexpress.com.br\/express\/wp-content\/uploads\/2025\/02\/ejumpyfrota.png\" class=\"attachment-full size-full\" alt=\"\" srcset=\"https:\/\/handlingexpress.com.br\/express\/wp-content\/uploads\/2025\/02\/ejumpyfrota.png 706w, https:\/\/handlingexpress.com.br\/express\/wp-content\/uploads\/2025\/02\/ejumpyfrota-300x191.png 300w\" sizes=\"(max-width: 706px) 100vw, 706px\" \/>\t\t\t<\/div>\n<\/div>\n\t\t<\/div>\n\t\t\t\t<\/div>\n\t\t\t\t\t<\/div>\n\t\t<\/div>\n\t\t\t\t\t\t\t<\/div>\n\t\t<\/section>\n\t\t\t\t\t\t\t<\/div>\n\t\t","protected":false},"excerpt":{"rendered":"<p>A Handling Express Ao longo de seus 15 anos de exist\u00eancia, a CARGO HANDLING\u00ae construiu uma trajet\u00f3ria s\u00f3lida, fundamentada no engajamento de colaboradores internos e externos, no compromisso rigoroso com prazos e na garantia de seguran\u00e7a das mercadorias confiadas a n\u00f3s. Acima de tudo, priorizamos a satisfa\u00e7\u00e3o dos nossos clientes, cuja confian\u00e7a e refer\u00eancia foram [&hellip;]<\/p>\n","protected":false},"author":1,"featured_media":0,"parent":0,"menu_order":0,"comment_status":"closed","ping_status":"closed","template":"","meta":{"footnotes":""},"class_list":["post-7957","page","type-page","status-publish","hentry"],"_links":{"self":[{"href":"https:\/\/handlingexpress.com.br\/express\/wp-json\/wp\/v2\/pages\/7957","targetHints":{"allow":["GET"]}}],"collection":[{"href":"https:\/\/handlingexpress.com.br\/express\/wp-json\/wp\/v2\/pages"}],"about":[{"href":"https:\/\/handlingexpress.com.br\/express\/wp-json\/wp\/v2\/types\/page"}],"author":[{"embeddable":true,"href":"https:\/\/handlingexpress.com.br\/express\/wp-json\/wp\/v2\/users\/1"}],"replies":[{"embeddable":true,"href":"https:\/\/handlingexpress.com.br\/express\/wp-json\/wp\/v2\/comments?post=7957"}],"version-history":[{"count":47,"href":"https:\/\/handlingexpress.com.br\/express\/wp-json\/wp\/v2\/pages\/7957\/revisions"}],"predecessor-version":[{"id":8307,"href":"https:\/\/handlingexpress.com.br\/express\/wp-json\/wp\/v2\/pages\/7957\/revisions\/8307"}],"wp:attachment":[{"href":"https:\/\/handlingexpress.com.br\/express\/wp-json\/wp\/v2\/media?parent=7957"}],"curies":[{"name":"wp","href":"https:\/\/api.w.org\/{rel}","templated":true}]}}